o(33).
-76
Let h(d) = 2*d**2 - 26*d + 53. What is h(8)?
-27
Let i(w) = -w**3 - 27*w**2 - 61*w - 280. Give i(-25).
-5
Let g(b) = -2*b**3 + 20*b**2 - 6*b + 121. Give g(10).
61
Let o(r) = r**3 + 42*r**2 + 35*r + 37. Determine o(-41).
283
Let f(t) = -5*t**2 - 40*t + 1037. Determine f(-19).
-8
Let r(p) = -3*p**2 + 11*p + 51. Calculate r(15).
-459
Let c(x) = -2*x**3 - 242*x**2 - 2*x - 248. Determine c(-121).
-6
Let l(t) = t**3 + 6*t**2 + 88*t + 537. What is l(-6)?
9
Let n(p) = p**3 - 14*p**2 + 14*p - 21. Determine n(9).
-300
Let r(q) = 5*q**2 + 318*q - 1612. Calculate r(5).
103
Let t(s) = -8*s - 138. Determine t(-16).
-10
Let m(p) = 642*p + 1276. Determine m(-2).
-8
Let s(j) = 265*j**2 - 5*j - 3. Calculate s(-1).
267
Let a(g) = 2*g**2 + 693*g - 11605. Give a(16).
-5
Let m(l) = -6*l**3 - 424*l**2 + 139*l - 206. What is m(-71)?
7
Let n(d) = -1697*d + 5140. Calculate n(3).
49
Let w(o) = -4521*o - 13562. Calculate w(-3).
1
Let x(v) = -66*v - 3905. Give x(-60).
55
Let p(m) = -m**3 - 79*m**2 - 301*m - 115. Give p(-75).
-40
Let s(t) = -88*t - 3075. Determine s(-35).
5
Let m(f) = -126*f + 103. What is m(1)?
-23
Let y(r) = 3*r**3 - 67*r**2 + 18*r + 93. Calculate y(22).
5
Let c(l) = -20*l**2 + 7*l + 6. Give c(-1).
-21
Let l(k) = 12*k**3 + 9*k**2 - 7*k - 1. Calculate l(2).
117
Let q(r) = 26*r - 1. What is q(-2)?
-53
Let p(x) = -299*x + 3284. Calculate p(11).
-5
Let t(a) = 2*a**3 - 31*a**2 - 18*a - 20. Give t(16).
-52
Let g(u) = 3*u**2 - 12*u + 62. What is g(6)?
98
Let d(c) = c**2 - 33*c + 196. Calculate d(7).
14
Let o(a) = a**3 - 24*a**2 - 178*a - 20. Determine o(30).
40
Let h(g) = 4*g**2 + 32*g + 17. What is h(-8)?
17
Let v(n) = -n**3 + 98*n**2 - 716*n - 106. Calculate v(90).
254
Let k(y) = -1660*y + 29872. Calculate k(18).
-8
Let i(m) = m**3 - 88*m**2 + 644*m - 314. What is i(80)?
6
Let g(v) = -53*v**2 - 413*v + 46. Give g(-8).
-42
Let g(v) = -v**3 + 16*v**2 - 16*v - 173. Determine g(13).
126
Let o(n) = n**2 + 13*n + 46. What is o(-5)?
6
Let x(i) = -13*i**2 - 658*i - 2968. Give x(-5).
-3
Let j(b) = -3*b**3 - 15*b**2 - 90*b - 21. Calculate j(-5).
429
Let o(m) = 61*m - 3007. What is o(49)?
-18
Let o(g) = 29*g**2 + 346*g + 20. Give o(-12).
44
Let n(v) = v**3 + 20*v**2 + 135*v + 2698. Give n(-20).
-2
Let s(a) = -6755*a + 1. Give s(0).
1
Let x(o) = -248*o + 255. Give x(1).
7
Let t(c) = -4*c**3 - 215*c**2 + 52*c - 123. Calculate t(-54).
-15
Let t(v) = -v**3 + 18*v**2 + 11*v - 138. Determine t(18).
60
Let v(c) = -602*c - 14435. Determine v(-24).
13
Let h(a) = -a**3 - 9*a**2 - 11*a + 43. Give h(-4).
7
Let j(p) = p**2 + 104*p - 785. Calculate j(7).
-8
Let q(l) = 10*l**2 + 2*l - 1. Calculate q(-2).
35
Let l(z) = -219*z + 60. Give l(-1).
279
Let w(j) = j**3 + 14*j**2 - 43*j - 132. Give w(-16).
44
Let c(b) = b**3 + 46*b**2 + 242*b + 42. Determine c(-40).
-38
Let r(s) = 7*s**2 - 209*s - 2470. Determine r(-9).
-22
Let z(q) = -q**2 + 7*q + 1242. Give z(39).
-6
Let g(i) = i**3 + 90*i**2 + 1839*i + 319. Calculate g(-31).
9
Let l(n) = -297*n + 1460. Give l(5).
-25
Let l(t) = 24*t**2 - 116*t + 76. What is l(4)?
-4
Let a(n) = -n**2 + 70*n - 1127. What is a(52)?
-191
Let a(x) = -2*x - 135. What is a(-20)?
-95
Let u(l) = -3*l**2 - 286*l + 490. Calculate u(-97).
5
Let n(a) = 4*a**2 + a + 53. What is n(0)?
53
Let a(x) = -x**3 + 6*x**2 + 4*x - 18. What is a(6)?
6
Let t(b) = -b**3 + 9*b**2 + b + 12. Give t(7).
117
Let g(u) = -157*u + 25. Give g(0).
25
Let q(p) = 290*p - 290. What is q(1)?
0
Let h(t) = -t**2 - 958*t + 7739. Give h(8).
11
Let t(m) = -m**3 - 6*m**2 + 42*m + 305. What is t(-7)?
60
Let j(h) = -2*h**2 + 171*h + 346. Calculate j(-2).
-4
Let l(f) = -9*f**2 + 12*f - 19. Determine l(2).
-31
Let a(t) = -4*t + 79. Determine a(38).
-73
Let u(d) = -2*d**2 + 670*d - 14352. Give u(312).
0
Let v(n) = -n**2 - 42*n + 395. Give v(-50).
-5
Let d(v) = -v**3 - 6*v**2 + 51*v + 325. Determine d(-6).
19
Let o(q) = 59*q - 217. Give o(5).
78
Let c(h) = -20207*h + 20208. Give c(1).
1
Let o(a) = -5*a**3 - 48*a**2 - 5*a - 191. What is o(-10)?
59
Let a(k) = 3780*k - 7559. Determine a(2).
1
Let l(h) = 4*h**2 + 24*h - 15. Calculate l(-9).
93
Let g(k) = -107*k + 10269. Give g(96).
-3
Let y(q) = -60*q**2 - 24*q - 20. What is y(-1)?
-56
Let t(h) = h**3 + 65*h**2 + 125*h + 12. Calculate t(-63).
75
Let c(a) = -a**2 - 97*a + 1335. Determine c(-109).
27
Let l(a) = 42*a + 178. Calculate l(-4).
10
Let k(g) = -g**2 + 38*g + 97. Give k(0).
97
Let o(h) = 354*h + 8177. What is o(-23)?
35
Let l(c) = c**3 + 278*c**2 + 1377*c + 3271. What is l(-273)?
-5
Let u(p) = p**2 + 180*p + 5595. Calculate u(-140).
-5
Let h(g) = g**3 - 93*g**2 - 472*g - 1817. What is h(98)?
-53
Let o(u) = -32*u + 41. Calculate o(4).
-87
Let w(j) = 2*j**2 - 64. Give w(-6).
8
Let b(r) = 5*r + 301. Calculate b(13).
366
Let c(t) = -3*t**2 - t + 30. What is c(4)?
-22
Let m(r) = 8*r - 65. Give m(8).
-1
Let p(l) = 2*l**3 + 103*l**2 - 48*l + 212. Calculate p(-52).
4
Let y(h) = -h**3 + 31*h**2 + 49*h - 527. What is y(32)?
17
Let v(x) = -190*x - 380. Calculate v(-3).
190
Let z(n) = 4*n**2 + 220*n + 107. Determine z(-54).
-109
Let z(c) = 2*c**2 - 38*c - 149. What is z(22)?
-17
Let m(l) = -l**3 + 29*l**2 + 13*l - 34. What is m(30)?
-544
Let z(j) = -31*j**3 - 271*j**2 + 69*j - 26. What is z(-9)?
1
Let z(n) = 2*n**2 + 31*n - 3358. What is z(34)?
8
Let m(c) = 17*c + 308. Determine m(-19).
-15
Let l(y) = 31*y - 238. What is l(5)?
-83
Let x(p) = -2*p**2 + 44*p - 224. Determine x(13).
10
Let n(d) = d**3 + 8*d**2 + 24*d + 55. What is n(-5)?
10
Let a(q) = -2*q**2 - 154*q + 15618. Calculate a(-135).
-42
Let y(u) = u**3 - 65*u**2 - 1013*u + 11. What is y(-13)?
-2
Let t(s) = -s**2 + 98*s - 488. What is t(84)?
688
Let j(f) = 24*f + 1593. What is j(-67)?
-15
Let c(z) = 3*z**3 - 60*z**2 - 126*z - 127. What is c(22)?
5
Let q(g) = 37*g + 241. Give q(-11).
-166
Let q(t) = 2353*t**2 - 7061*t - 4. Calculate q(3).
-10
Let t(k) = -694*k - 233177. Calculate t(-336).
7
Let g(j) = -j**3 - 11*j**2 - 24*j - 646. Determine g(-13).
4
Let z(v) = -v**3 - 6*v**2 + 36*v - 17. Determine z(-10).
23
Let y(l) = -7*l**2 - 57*l - 30. What is y(-7)?
26
Let h(s) = -s**2 - 1927*s + 9659. What is h(5)?
-1
Let r(n) = -n**2 + 497*n - 4883. Determine r(10).
-13
Let b(o) = -112*o - 3482. What is b(-30)?
-122
Let d(k) = -41*k + 178. Calculate d(21).
-683
Let j(p) = -16*p - 133. Determine j(-9).
11
Let w(i) = -6*i**2 + 45*i + 104. Give w(9).
23
Let l(f) = f**3 + 31*f**2 + 54*f + 683. What is l(-30)?
-37
Let d(n) = -4*n**2 + 31*n - 58. Determine d(2).
-12
Let l(a) = a**2 + 24*a + 51. What is l(-19)?
-44
Let i(d) = d**3 - 18*d**2 + 14*d + 59. Give i(17).
8
Let y(i) = -11*i**2 + 19*i - 82. Give y(5).
-262
Let o(u) = -2*u**2 + 17*u + 77. Determine o(12).
-7
Let r(i) = i**3 - 132*i**2 + 383*i + 512. Give r(129).
-4
Let i(g) = -3*g**3 + 50*g**2 - 78*g + 49. Give i(15).
4
Let y(v) = -v**3 + 48*v**2 - 94*v + 87. Give y(46).
-5
Let m(t) = -t**2 + 114*t - 2258. What is m(88)?
30
Let h(b) = -b**3 - b**2 + 9*b - 7. Determine h(-5).
48
Let i(q) = 5*q**2 + 7. Determine i(5).
132
Let l(j) = -2*j**3 - 24*j**2 - 21*j + 18. Give l(-11).
7
Let y(p) = -24*p - 712. Give y(-29).
-16
Let r(g) = -6571*g - 131424. Give r(-20).
-4
Let w(x) = -114*x - 20759. Determine w(-182).
-11
Let l(v) = -11*v**2 + 4*v - 2. What is l(3)?
-89
Let m(o) = 361*o + 16980. Give m(-47).
13
Let f(t) = 2*t**2 + 261*t + 8434. Calculate f(-59).
-3
Let n(v) = 176*v - 34174. Determine n(194).
-30
Let f(j) = j**3 + 31*j**2 + 64*j + 139. Determine f(-29).
-35
Let u(x) = -21*x**2 + 72*x - 28. Give u(3).
-1
Let y(h) = -3*h**3 - 143*h - 291. Determine y(-2).
19
Let q(n) = 6953*n + 34773. Calculate q(-5).
8
Let v(j) = -3*j**3 + 11*j**2 + 173*j - 790. Calculate v(6).
-4
Let s(o) = o**3 + 11*o**2 - 48*o + 52. Give s(-16).
-460
Let j(f) = 13*f**3 - 3*f**2 - 17*f - 27. Determine j(-2).
-109
Let q(m) = -11758*m + 23536. Calculate q(2).
20
Let n(s) = -57*s - 651. What is n(-11)?
-24
Let n(d) = 30*d + 763. Calculate n(-23).
73
Let k(z) = -z**3 + 12*z**2 + 21*z - 112. What is k(13)?
-8
Let u(p) = 104*p - 17051. What is u(164)?
5
Let c(g) = 48*g + 1383. Calculate c(-29).
-9
Let k(n) = 51*n + 36. Determine k(-6).
-270
Let d(v) = 34*v + 2315. Give d(-65).
105
Let v(k) = k**2 - 140*k + 3157. Give v(112).
21
Let i(h) = h**3 + 41*h**2 - 104*h - 755. Give i(-43).
19
Let 